[INFO] cloning repository https://github.com/jonlamb-gh/lmc
[INFO] running `Command { std: "git" "-c" "credential.helper=" "-c" "credential.helper=/workspace/cargo-home/bin/git-credential-null" "clone" "--bare" "https://github.com/jonlamb-gh/lmc" "/workspace/cache/git-repos/https%3A%2F%2Fgithub.com%2Fjonlamb-gh%2Flmc", kill_on_drop: false }`
[INFO] [stderr] Cloning into bare repository '/workspace/cache/git-repos/https%3A%2F%2Fgithub.com%2Fjonlamb-gh%2Flmc'...
[INFO] running `Command { std: "git" "rev-parse" "HEAD", kill_on_drop: false }`
[INFO] [stdout] 2a159918458502387f762d0cf53a9ae53d2a81c5
[INFO] checking jonlamb-gh/lmc against master#af3c6e733a40e671550e0f0f5aeecaa13772ba56 for pr-74989
[INFO] running `Command { std: "git" "clone" "/workspace/cache/git-repos/https%3A%2F%2Fgithub.com%2Fjonlamb-gh%2Flmc" "/workspace/builds/worker-7/source", kill_on_drop: false }`
[INFO] [stderr] Cloning into '/workspace/builds/worker-7/source'...
[INFO] [stderr] done.
[INFO] validating manifest of git repo https://github.com/jonlamb-gh/lmc on toolchain af3c6e733a40e671550e0f0f5aeecaa13772ba56
[INFO] running `Command { std: "/workspace/cargo-home/bin/cargo" "+af3c6e733a40e671550e0f0f5aeecaa13772ba56" "read-manifest" "--manifest-path" "Cargo.toml", kill_on_drop: false }`
[INFO] removed /workspace/builds/worker-7/source/.cargo/config
[INFO] started tweaking git repo https://github.com/jonlamb-gh/lmc
[INFO] removed path dependency embedded-graphics from git repo https://github.com/jonlamb-gh/lmc
[INFO] removed path dependency ssd1306 from git repo https://github.com/jonlamb-gh/lmc
[INFO] removed path dependency stm32f1xx-hal from git repo https://github.com/jonlamb-gh/lmc
[INFO] finished tweaking git repo https://github.com/jonlamb-gh/lmc
[INFO] tweaked toml for git repo https://github.com/jonlamb-gh/lmc written to /workspace/builds/worker-7/source/Cargo.toml
[INFO] crate git repo https://github.com/jonlamb-gh/lmc already has a lockfile, it will not be regenerated
[INFO] running `Command { std: "/workspace/cargo-home/bin/cargo" "+af3c6e733a40e671550e0f0f5aeecaa13772ba56" "fetch" "--locked" "--manifest-path" "Cargo.toml", kill_on_drop: false }`
[INFO] [stderr] warning: dependency (embedded-graphics) specified without providing a local path, Git repository, or version to use. This will be considered an error in future versions
[INFO] [stderr] warning: dependency (ssd1306) specified without providing a local path, Git repository, or version to use. This will be considered an error in future versions
[INFO] [stderr] warning: dependency (stm32f1xx-hal) specified without providing a local path, Git repository, or version to use. This will be considered an error in future versions
[INFO] [stderr]     Updating crates.io index
[INFO] [stderr] error: the lock file /workspace/builds/worker-7/source/Cargo.lock needs to be updated but --locked was passed to prevent this
[INFO] [stderr] If you want to try to generate the lock file without accessing the network, use the --offline flag.
[INFO] the lockfile is outdated, regenerating it
[INFO] running `Command { std: "/workspace/cargo-home/bin/cargo" "+af3c6e733a40e671550e0f0f5aeecaa13772ba56" "generate-lockfile" "--manifest-path" "Cargo.toml" "-Zno-index-update", kill_on_drop: false }`
[INFO] running `Command { std: "/workspace/cargo-home/bin/cargo" "+af3c6e733a40e671550e0f0f5aeecaa13772ba56" "fetch" "--locked" "--manifest-path" "Cargo.toml", kill_on_drop: false }`
[INFO] [stderr] warning: dependency (embedded-graphics) specified without providing a local path, Git repository, or version to use. This will be considered an error in future versions
[INFO] [stderr] warning: dependency (ssd1306) specified without providing a local path, Git repository, or version to use. This will be considered an error in future versions
[INFO] [stderr] warning: dependency (stm32f1xx-hal) specified without providing a local path, Git repository, or version to use. This will be considered an error in future versions
[INFO] running `Command { std: "docker" "create" "-v" "/var/lib/crater-agent-workspace/builds/worker-7/target:/opt/rustwide/target:rw,Z" "-v" "/var/lib/crater-agent-workspace/builds/worker-7/source:/opt/rustwide/workdir:ro,Z" "-v" "/var/lib/crater-agent-workspace/cargo-home:/opt/rustwide/cargo-home:ro,Z" "-v" "/var/lib/crater-agent-workspace/rustup-home:/opt/rustwide/rustup-home:ro,Z" "-e" "SOURCE_DIR=/opt/rustwide/workdir" "-e" "CARGO_TARGET_DIR=/opt/rustwide/target" "-e" "CARGO_HOME=/opt/rustwide/cargo-home" "-e" "RUSTUP_HOME=/opt/rustwide/rustup-home" "-w" "/opt/rustwide/workdir" "-m" "1610612736" "--user" "0:0" "--network" "none" "rustops/crates-build-env@sha256:d92eaeed33fa75130ca1ee6c8a01d1ffb62bac859dfdfb3450e3e5d1c0146529" "/opt/rustwide/cargo-home/bin/cargo" "+af3c6e733a40e671550e0f0f5aeecaa13772ba56" "metadata" "--no-deps" "--format-version=1", kill_on_drop: false }`
[INFO] [stdout] 6c55e413f78c838ba6b6c559d517536b21e28cb8e235b52d4ce38f765a91435e
[INFO] [stderr] WARNING: Your kernel does not support swap limit capabilities or the cgroup is not mounted. Memory limited without swap.
[INFO] running `Command { std: "docker" "start" "-a" "6c55e413f78c838ba6b6c559d517536b21e28cb8e235b52d4ce38f765a91435e", kill_on_drop: false }`
[INFO] running `Command { std: "docker" "inspect" "6c55e413f78c838ba6b6c559d517536b21e28cb8e235b52d4ce38f765a91435e", kill_on_drop: false }`
[INFO] running `Command { std: "docker" "rm" "-f" "6c55e413f78c838ba6b6c559d517536b21e28cb8e235b52d4ce38f765a91435e", kill_on_drop: false }`
[INFO] [stdout] 6c55e413f78c838ba6b6c559d517536b21e28cb8e235b52d4ce38f765a91435e
[INFO] running `Command { std: "docker" "create" "-v" "/var/lib/crater-agent-workspace/builds/worker-7/target:/opt/rustwide/target:rw,Z" "-v" "/var/lib/crater-agent-workspace/builds/worker-7/source:/opt/rustwide/workdir:ro,Z" "-v" "/var/lib/crater-agent-workspace/cargo-home:/opt/rustwide/cargo-home:ro,Z" "-v" "/var/lib/crater-agent-workspace/rustup-home:/opt/rustwide/rustup-home:ro,Z" "-e" "SOURCE_DIR=/opt/rustwide/workdir" "-e" "CARGO_TARGET_DIR=/opt/rustwide/target" "-e" "CARGO_INCREMENTAL=0" "-e" "RUST_BACKTRACE=full" "-e" "RUSTFLAGS=--cap-lints=forbid" "-e" "CARGO_HOME=/opt/rustwide/cargo-home" "-e" "RUSTUP_HOME=/opt/rustwide/rustup-home" "-w" "/opt/rustwide/workdir" "-m" "1610612736" "--user" "0:0" "--network" "none" "rustops/crates-build-env@sha256:d92eaeed33fa75130ca1ee6c8a01d1ffb62bac859dfdfb3450e3e5d1c0146529" "/opt/rustwide/cargo-home/bin/cargo" "+af3c6e733a40e671550e0f0f5aeecaa13772ba56" "check" "--frozen" "--all" "--all-targets" "--message-format=json", kill_on_drop: false }`
[INFO] [stdout] 429ab863e4d8f49037fc44b6d6e0d25423976ae539365153e307e0f7d3020308
[INFO] [stderr] WARNING: Your kernel does not support swap limit capabilities or the cgroup is not mounted. Memory limited without swap.
[INFO] running `Command { std: "docker" "start" "-a" "429ab863e4d8f49037fc44b6d6e0d25423976ae539365153e307e0f7d3020308", kill_on_drop: false }`
[INFO] [stderr] warning: dependency (embedded-graphics) specified without providing a local path, Git repository, or version to use. This will be considered an error in future versions
[INFO] [stderr] warning: dependency (ssd1306) specified without providing a local path, Git repository, or version to use. This will be considered an error in future versions
[INFO] [stderr] warning: dependency (stm32f1xx-hal) specified without providing a local path, Git repository, or version to use. This will be considered an error in future versions
[INFO] [stderr]    Compiling typenum v1.12.0
[INFO] [stderr]    Compiling semver-parser v0.7.0
[INFO] [stderr]    Compiling cortex-m v0.6.3
[INFO] [stderr]     Checking stable_deref_trait v1.2.0
[INFO] [stderr]    Compiling proc-macro2 v1.0.21
[INFO] [stderr]     Checking vcell v0.1.2
[INFO] [stderr]     Checking nb v1.0.0
[INFO] [stderr]     Checking void v1.0.2
[INFO] [stderr]    Compiling syn v1.0.41
[INFO] [stderr]    Compiling byteorder v1.3.4
[INFO] [stderr]     Checking bitfield v0.13.2
[INFO] [stderr]    Compiling cortex-m-rt v0.6.13
[INFO] [stderr]    Compiling stm32f1 v0.11.0
[INFO] [stderr]     Checking r0 v0.2.2
[INFO] [stderr]    Compiling cortex-m-semihosting v0.3.5
[INFO] [stderr]     Checking display-interface v0.4.0
[INFO] [stderr]     Checking byte-slice-cast v0.3.5
[INFO] [stderr]    Compiling cortex-m v0.5.10
[INFO] [stderr]    Compiling ssd1306 v0.4.0
[INFO] [stderr]    Compiling heapless v0.4.4
[INFO] [stderr]     Checking aligned v0.2.0
[INFO] [stderr]    Compiling generic-array v0.14.4
[INFO] [stderr]     Checking volatile-register v0.2.0
[INFO] [stderr]     Checking nb v0.1.3
[INFO] [stderr]    Compiling semver v0.9.0
[INFO] [stderr]     Checking embedded-hal v0.2.4
[INFO] [stderr]     Checking display-interface-spi v0.4.0
[INFO] [stderr]     Checking display-interface-i2c v0.4.0
[INFO] [stderr]     Checking pwm-pca9685 v0.1.2
[INFO] [stderr]    Compiling rustc_version v0.2.3
[INFO] [stderr]     Checking embedded-graphics v0.6.2
[INFO] [stderr]     Checking hash32 v0.1.1
[INFO] [stderr]    Compiling bare-metal v0.2.5
[INFO] [stderr]    Compiling cast v0.2.3
[INFO] [stderr]    Compiling quote v1.0.7
[INFO] [stderr]     Checking generic-array v0.12.3
[INFO] [stderr]     Checking generic-array v0.13.2
[INFO] [stderr]     Checking generic-array v0.11.1
[INFO] [stderr]     Checking as-slice v0.1.3
[INFO] [stderr]     Checking aligned v0.3.4
[INFO] [stderr]     Checking panic-semihosting v0.5.3
[INFO] [stderr]    Compiling cortex-m-rt-macros v0.1.8
[INFO] [stderr]     Checking stm32f1xx-hal v0.6.1
[INFO] [stderr]     Checking lmc v0.1.0 (/opt/rustwide/workdir)
[INFO] [stdout] error[E0432]: unresolved import `crate::hal::iwdg`
[INFO] [stdout]   --> src/main.rs:17:17
[INFO] [stdout]    |
[INFO] [stdout] 17 | use crate::hal::iwdg::{Iwdg, IwdgConfig, WatchdogTimeout};
[INFO] [stdout]    |                 ^^^^ could not find `iwdg` in `hal`
[INFO] [stdout] 
[INFO] [stdout] 
[INFO] [stdout] error[E0432]: unresolved import `crate::hal::iwdg`
[INFO] [stdout]   --> src/main.rs:17:17
[INFO] [stdout]    |
[INFO] [stdout] 17 | use crate::hal::iwdg::{Iwdg, IwdgConfig, WatchdogTimeout};
[INFO] [stdout]    |                 ^^^^ could not find `iwdg` in `hal`
[INFO] [stdout] 
[INFO] [stdout] 
[INFO] [stdout] error[E0433]: failed to resolve: use of undeclared type or module `DisplaySize`
[INFO] [stdout]   --> src/display.rs:28:24
[INFO] [stdout]    |
[INFO] [stdout] 28 |             .with_size(DisplaySize::Display128x32)
[INFO] [stdout]    |                        ^^^^^^^^^^^ use of undeclared type or module `DisplaySize`
[INFO] [stdout] 
[INFO] [stdout] 
[INFO] [stdout] error[E0433]: failed to resolve: use of undeclared type or module `Coord`
[INFO] [stdout]   --> src/display.rs:58:28
[INFO] [stdout]    |
[INFO] [stdout] 58 |                 .translate(Coord::new(0, 0))
[INFO] [stdout]    |                            ^^^^^ use of undeclared type or module `Coord`
[INFO] [stdout] 
[INFO] [stdout] 
[INFO] [stdout] error[E0433]: failed to resolve: use of undeclared type or module `Coord`
[INFO] [stdout]   --> src/display.rs:71:28
[INFO] [stdout]    |
[INFO] [stdout] 71 |                 .translate(Coord::new(68, 0))
[INFO] [stdout]    |                            ^^^^^ use of undeclared type or module `Coord`
[INFO] [stdout] 
[INFO] [stdout] 
[INFO] [stdout] error[E0433]: failed to resolve: use of undeclared type or module `Coord`
[INFO] [stdout]   --> src/display.rs:83:28
[INFO] [stdout]    |
[INFO] [stdout] 83 |                 .translate(Coord::new(0, 12))
[INFO] [stdout]    |                            ^^^^^ use of undeclared type or module `Coord`
[INFO] [stdout] 
[INFO] [stdout] 
[INFO] [stdout] error[E0433]: failed to resolve: use of undeclared type or module `Coord`
[INFO] [stdout]   --> src/display.rs:95:28
[INFO] [stdout]    |
[INFO] [stdout] 95 |                 .translate(Coord::new(0, 24))
[INFO] [stdout]    |                            ^^^^^ use of undeclared type or module `Coord`
[INFO] [stdout] 
[INFO] [stdout] 
[INFO] [stdout] error[E0433]: failed to resolve: use of undeclared type or module `Coord`
[INFO] [stdout]    --> src/display.rs:107:28
[INFO] [stdout]     |
[INFO] [stdout] 107 |                 .translate(Coord::new(68, 24))
[INFO] [stdout]     |                            ^^^^^ use of undeclared type or module `Coord`
[INFO] [stdout] 
[INFO] [stdout] 
[INFO] [stdout] error[E0433]: failed to resolve: use of undeclared type or module `DisplaySize`
[INFO] [stdout]   --> src/display.rs:28:24
[INFO] [stdout]    |
[INFO] [stdout] 28 |             .with_size(DisplaySize::Display128x32)
[INFO] [stdout]    |                        ^^^^^^^^^^^ use of undeclared type or module `DisplaySize`
[INFO] [stdout] 
[INFO] [stdout] 
[INFO] [stdout] error[E0412]: cannot find type `I2cInterface` in this scope
[INFO] [stdout]   --> src/display.rs:18:23
[INFO] [stdout]    |
[INFO] [stdout] 18 |     drv: GraphicsMode<I2cInterface<I2C>>,
[INFO] [stdout]    |                       ^^^^^^^^^^^^ help: a struct with a similar name exists (notice the capitalization): `I2CInterface`
[INFO] [stdout]    | 
[INFO] [stdout]   ::: /opt/rustwide/cargo-home/registry/src/github.com-1ecc6299db9ec823/display-interface-i2c-0.4.0/src/lib.rs:9:1
[INFO] [stdout]    |
[INFO] [stdout] 9  | pub struct I2CInterface<I2C> {
[INFO] [stdout]    | ---------------------------- similarly named struct `I2CInterface` defined here
[INFO] [stdout] 
[INFO] [stdout] 
[INFO] [stdout] error[E0412]: cannot find type `I2cInterface` in this scope
[INFO] [stdout]   --> src/display.rs:27:35
[INFO] [stdout]    |
[INFO] [stdout] 27 |         let mut drv: GraphicsMode<I2cInterface<I2C>> = Builder::new()
[INFO] [stdout]    |                                   ^^^^^^^^^^^^ help: a struct with a similar name exists (notice the capitalization): `I2CInterface`
[INFO] [stdout]    | 
[INFO] [stdout]   ::: /opt/rustwide/cargo-home/registry/src/github.com-1ecc6299db9ec823/display-interface-i2c-0.4.0/src/lib.rs:9:1
[INFO] [stdout]    |
[INFO] [stdout] 9  | pub struct I2CInterface<I2C> {
[INFO] [stdout]    | ---------------------------- similarly named struct `I2CInterface` defined here
[INFO] [stdout] 
[INFO] [stdout] 
[INFO] [stdout] warning: unused import: `embedded_hal::timer::CountDown`
[INFO] [stdout]  --> src/lcm.rs:5:5
[INFO] [stdout]   |
[INFO] [stdout] 5 | use embedded_hal::timer::CountDown;
[INFO] [stdout]   |     ^^^^^^^^^^^^^^^^^^^^^^^^^^^^^^
[INFO] [stdout]   |
[INFO] [stdout]   = note: `#[warn(unused_imports)]` on by default
[INFO] [stdout] 
[INFO] [stdout] 
[INFO] [stdout] warning: unused import: `panic_semihosting`
[INFO] [stdout]   --> src/main.rs:28:5
[INFO] [stdout]    |
[INFO] [stdout] 28 | use panic_semihosting;
[INFO] [stdout]    |     ^^^^^^^^^^^^^^^^^
[INFO] [stdout] 
[INFO] [stdout] 
[INFO] [stdout] error[E0433]: failed to resolve: use of undeclared type or module `Coord`
[INFO] [stdout]   --> src/display.rs:58:28
[INFO] [stdout]    |
[INFO] [stdout] 58 |                 .translate(Coord::new(0, 0))
[INFO] [stdout]    |                            ^^^^^ use of undeclared type or module `Coord`
[INFO] [stdout] 
[INFO] [stdout] 
[INFO] [stdout] error: language item required, but not found: `eh_personality`
[INFO] [stdout] 
[INFO] [stdout] 
[INFO] [stdout] error[E0433]: failed to resolve: use of undeclared type or module `Coord`
[INFO] [stdout]   --> src/display.rs:71:28
[INFO] [stdout]    |
[INFO] [stdout] 71 |                 .translate(Coord::new(68, 0))
[INFO] [stdout]    |                            ^^^^^ use of undeclared type or module `Coord`
[INFO] [stdout] 
[INFO] [stdout] 
[INFO] [stdout] error[E0433]: failed to resolve: use of undeclared type or module `Coord`
[INFO] [stdout]   --> src/display.rs:83:28
[INFO] [stdout]    |
[INFO] [stdout] 83 |                 .translate(Coord::new(0, 12))
[INFO] [stdout]    |                            ^^^^^ use of undeclared type or module `Coord`
[INFO] [stdout] 
[INFO] [stdout] 
[INFO] [stdout] error[E0433]: failed to resolve: use of undeclared type or module `Coord`
[INFO] [stdout]   --> src/display.rs:95:28
[INFO] [stdout]    |
[INFO] [stdout] 95 |                 .translate(Coord::new(0, 24))
[INFO] [stdout]    |                            ^^^^^ use of undeclared type or module `Coord`
[INFO] [stdout] 
[INFO] [stdout] 
[INFO] [stdout] error[E0433]: failed to resolve: use of undeclared type or module `Coord`
[INFO] [stdout]    --> src/display.rs:107:28
[INFO] [stdout]     |
[INFO] [stdout] 107 |                 .translate(Coord::new(68, 24))
[INFO] [stdout]     |                            ^^^^^ use of undeclared type or module `Coord`
[INFO] [stdout] 
[INFO] [stdout] 
[INFO] [stdout] warning: use of deprecated trait `hal::prelude::_embedded_hal_digital_InputPin`: Deprecated because the methods cannot return errors. Users should use the traits in digital::v2.
[INFO] [stdout]  --> src/debounce_input.rs:2:5
[INFO] [stdout]   |
[INFO] [stdout] 2 | use embedded_hal::digital::InputPin;
[INFO] [stdout]   |     ^^^^^^^^^^^^^^^^^^^^^^^^^^^^^^^
[INFO] [stdout]   |
[INFO] [stdout]   = note: `#[warn(deprecated)]` on by default
[INFO] [stdout] 
[INFO] [stdout] 
[INFO] [stdout] warning: use of deprecated trait `hal::prelude::_embedded_hal_digital_InputPin`: Deprecated because the methods cannot return errors. Users should use the traits in digital::v2.
[INFO] [stdout]   --> src/debounce_input.rs:12:8
[INFO] [stdout]    |
[INFO] [stdout] 12 |     T: InputPin,
[INFO] [stdout]    |        ^^^^^^^^
[INFO] [stdout] 
[INFO] [stdout] 
[INFO] [stdout] warning: use of deprecated trait `hal::prelude::_embedded_hal_digital_InputPin`: Deprecated because the methods cannot return errors. Users should use the traits in digital::v2.
[INFO] [stdout]  --> src/input.rs:4:5
[INFO] [stdout]   |
[INFO] [stdout] 4 | use embedded_hal::digital::InputPin;
[INFO] [stdout]   |     ^^^^^^^^^^^^^^^^^^^^^^^^^^^^^^^
[INFO] [stdout] 
[INFO] [stdout] 
[INFO] [stdout] warning: use of deprecated trait `hal::prelude::_embedded_hal_digital_InputPin`: Deprecated because the methods cannot return errors. Users should use the traits in digital::v2.
[INFO] [stdout]   --> src/input.rs:33:11
[INFO] [stdout]    |
[INFO] [stdout] 33 |     BTN0: InputPin,
[INFO] [stdout]    |           ^^^^^^^^
[INFO] [stdout] 
[INFO] [stdout] 
[INFO] [stdout] warning: use of deprecated trait `hal::prelude::_embedded_hal_digital_InputPin`: Deprecated because the methods cannot return errors. Users should use the traits in digital::v2.
[INFO] [stdout]   --> src/input.rs:34:11
[INFO] [stdout]    |
[INFO] [stdout] 34 |     BTN1: InputPin,
[INFO] [stdout]    |           ^^^^^^^^
[INFO] [stdout] 
[INFO] [stdout] 
[INFO] [stdout] warning: use of deprecated trait `hal::prelude::_embedded_hal_digital_InputPin`: Deprecated because the methods cannot return errors. Users should use the traits in digital::v2.
[INFO] [stdout]   --> src/input.rs:35:11
[INFO] [stdout]    |
[INFO] [stdout] 35 |     BTN2: InputPin,
[INFO] [stdout]    |           ^^^^^^^^
[INFO] [stdout] 
[INFO] [stdout] 
[INFO] [stdout] warning: use of deprecated trait `embedded_hal::digital::StatefulOutputPin`: Deprecated because the methods cannot return errors. Users should use the traits in digital::v2.
[INFO] [stdout]   --> src/lcm.rs:50:9
[INFO] [stdout]    |
[INFO] [stdout] 50 |     OE: digital::StatefulOutputPin + digital::OutputPin,
[INFO] [stdout]    |         ^^^^^^^^^^^^^^^^^^^^^^^^^^
[INFO] [stdout] 
[INFO] [stdout] 
[INFO] [stdout] warning: use of deprecated trait `hal::prelude::_embedded_hal_digital_OutputPin`: Deprecated because the methods cannot return errors. Users should use the traits in digital::v2.
[INFO] [stdout]   --> src/lcm.rs:50:38
[INFO] [stdout]    |
[INFO] [stdout] 50 |     OE: digital::StatefulOutputPin + digital::OutputPin,
[INFO] [stdout]    |                                      ^^^^^^^^^^^^^^^^^^
[INFO] [stdout] 
[INFO] [stdout] 
[INFO] [stdout] warning: use of deprecated trait `embedded_hal::digital::StatefulOutputPin`: Deprecated because the methods cannot return errors. Users should use the traits in digital::v2.
[INFO] [stdout]   --> src/lcm.rs:51:10
[INFO] [stdout]    |
[INFO] [stdout] 51 |     RLY: digital::StatefulOutputPin + digital::OutputPin,
[INFO] [stdout]    |          ^^^^^^^^^^^^^^^^^^^^^^^^^^
[INFO] [stdout] 
[INFO] [stdout] 
[INFO] [stdout] warning: use of deprecated trait `hal::prelude::_embedded_hal_digital_OutputPin`: Deprecated because the methods cannot return errors. Users should use the traits in digital::v2.
[INFO] [stdout]   --> src/lcm.rs:51:39
[INFO] [stdout]    |
[INFO] [stdout] 51 |     RLY: digital::StatefulOutputPin + digital::OutputPin,
[INFO] [stdout]    |                                       ^^^^^^^^^^^^^^^^^^
[INFO] [stdout] 
[INFO] [stdout] 
[INFO] [stdout] error[E0412]: cannot find type `I2cInterface` in this scope
[INFO] [stdout]   --> src/display.rs:18:23
[INFO] [stdout]    |
[INFO] [stdout] 18 |     drv: GraphicsMode<I2cInterface<I2C>>,
[INFO] [stdout]    |                       ^^^^^^^^^^^^ help: a struct with a similar name exists (notice the capitalization): `I2CInterface`
[INFO] [stdout]    | 
[INFO] [stdout]   ::: /opt/rustwide/cargo-home/registry/src/github.com-1ecc6299db9ec823/display-interface-i2c-0.4.0/src/lib.rs:9:1
[INFO] [stdout]    |
[INFO] [stdout] 9  | pub struct I2CInterface<I2C> {
[INFO] [stdout]    | ---------------------------- similarly named struct `I2CInterface` defined here
[INFO] [stdout] 
[INFO] [stdout] 
[INFO] [stdout] error[E0412]: cannot find type `I2cInterface` in this scope
[INFO] [stdout]   --> src/display.rs:27:35
[INFO] [stdout]    |
[INFO] [stdout] 27 |         let mut drv: GraphicsMode<I2cInterface<I2C>> = Builder::new()
[INFO] [stdout]    |                                   ^^^^^^^^^^^^ help: a struct with a similar name exists (notice the capitalization): `I2CInterface`
[INFO] [stdout]    | 
[INFO] [stdout]   ::: /opt/rustwide/cargo-home/registry/src/github.com-1ecc6299db9ec823/display-interface-i2c-0.4.0/src/lib.rs:9:1
[INFO] [stdout]    |
[INFO] [stdout] 9  | pub struct I2CInterface<I2C> {
[INFO] [stdout]    | ---------------------------- similarly named struct `I2CInterface` defined here
[INFO] [stdout] 
[INFO] [stdout] 
[INFO] [stdout] warning: unused import: `embedded_hal::timer::CountDown`
[INFO] [stdout]  --> src/lcm.rs:5:5
[INFO] [stdout]   |
[INFO] [stdout] 5 | use embedded_hal::timer::CountDown;
[INFO] [stdout]   |     ^^^^^^^^^^^^^^^^^^^^^^^^^^^^^^
[INFO] [stdout]   |
[INFO] [stdout]   = note: `#[warn(unused_imports)]` on by default
[INFO] [stdout] 
[INFO] [stdout] 
[INFO] [stdout] warning: unused import: `panic_semihosting`
[INFO] [stdout]   --> src/main.rs:28:5
[INFO] [stdout]    |
[INFO] [stdout] 28 | use panic_semihosting;
[INFO] [stdout]    |     ^^^^^^^^^^^^^^^^^
[INFO] [stdout] 
[INFO] [stdout] 
[INFO] [stdout] error: duplicate lang item in crate `std` (which `test` depends on): `panic_impl`.
[INFO] [stdout]   |
[INFO] [stdout]   = note: the lang item is first defined in crate `panic_semihosting` (which `lmc` depends on)
[INFO] [stdout]   = note: first definition in `panic_semihosting` loaded from /opt/rustwide/target/debug/deps/libpanic_semihosting-17106aec3a987273.rmeta
[INFO] [stdout]   = note: second definition in `std` loaded from /opt/rustwide/rustup-home/toolchains/af3c6e733a40e671550e0f0f5aeecaa13772ba56/lib/rustlib/x86_64-unknown-linux-gnu/lib/libstd-faa3fd6c69b73b7d.rlib
[INFO] [stdout] 
[INFO] [stdout] 
[INFO] [stdout] warning: use of deprecated trait `hal::prelude::_embedded_hal_digital_InputPin`: Deprecated because the methods cannot return errors. Users should use the traits in digital::v2.
[INFO] [stdout]  --> src/debounce_input.rs:2:5
[INFO] [stdout]   |
[INFO] [stdout] 2 | use embedded_hal::digital::InputPin;
[INFO] [stdout]   |     ^^^^^^^^^^^^^^^^^^^^^^^^^^^^^^^
[INFO] [stdout]   |
[INFO] [stdout]   = note: `#[warn(deprecated)]` on by default
[INFO] [stdout] 
[INFO] [stdout] 
[INFO] [stdout] warning: use of deprecated trait `hal::prelude::_embedded_hal_digital_InputPin`: Deprecated because the methods cannot return errors. Users should use the traits in digital::v2.
[INFO] [stdout]   --> src/debounce_input.rs:12:8
[INFO] [stdout]    |
[INFO] [stdout] 12 |     T: InputPin,
[INFO] [stdout]    |        ^^^^^^^^
[INFO] [stdout] 
[INFO] [stdout] 
[INFO] [stdout] warning: use of deprecated trait `hal::prelude::_embedded_hal_digital_InputPin`: Deprecated because the methods cannot return errors. Users should use the traits in digital::v2.
[INFO] [stdout]  --> src/input.rs:4:5
[INFO] [stdout]   |
[INFO] [stdout] 4 | use embedded_hal::digital::InputPin;
[INFO] [stdout]   |     ^^^^^^^^^^^^^^^^^^^^^^^^^^^^^^^
[INFO] [stdout] 
[INFO] [stdout] 
[INFO] [stdout] warning: use of deprecated trait `hal::prelude::_embedded_hal_digital_InputPin`: Deprecated because the methods cannot return errors. Users should use the traits in digital::v2.
[INFO] [stdout]   --> src/input.rs:33:11
[INFO] [stdout]    |
[INFO] [stdout] 33 |     BTN0: InputPin,
[INFO] [stdout]    |           ^^^^^^^^
[INFO] [stdout] 
[INFO] [stdout] 
[INFO] [stdout] warning: use of deprecated trait `hal::prelude::_embedded_hal_digital_InputPin`: Deprecated because the methods cannot return errors. Users should use the traits in digital::v2.
[INFO] [stdout]   --> src/input.rs:34:11
[INFO] [stdout]    |
[INFO] [stdout] 34 |     BTN1: InputPin,
[INFO] [stdout]    |           ^^^^^^^^
[INFO] [stdout] 
[INFO] [stdout] 
[INFO] [stdout] warning: use of deprecated trait `hal::prelude::_embedded_hal_digital_InputPin`: Deprecated because the methods cannot return errors. Users should use the traits in digital::v2.
[INFO] [stdout]   --> src/input.rs:35:11
[INFO] [stdout]    |
[INFO] [stdout] 35 |     BTN2: InputPin,
[INFO] [stdout]    |           ^^^^^^^^
[INFO] [stdout] 
[INFO] [stdout] 
[INFO] [stdout] warning: use of deprecated trait `embedded_hal::digital::StatefulOutputPin`: Deprecated because the methods cannot return errors. Users should use the traits in digital::v2.
[INFO] [stdout]   --> src/lcm.rs:50:9
[INFO] [stdout]    |
[INFO] [stdout] 50 |     OE: digital::StatefulOutputPin + digital::OutputPin,
[INFO] [stdout]    |         ^^^^^^^^^^^^^^^^^^^^^^^^^^
[INFO] [stdout] 
[INFO] [stdout] 
[INFO] [stdout] warning: use of deprecated trait `hal::prelude::_embedded_hal_digital_OutputPin`: Deprecated because the methods cannot return errors. Users should use the traits in digital::v2.
[INFO] [stdout]   --> src/lcm.rs:50:38
[INFO] [stdout]    |
[INFO] [stdout] 50 |     OE: digital::StatefulOutputPin + digital::OutputPin,
[INFO] [stdout]    |                                      ^^^^^^^^^^^^^^^^^^
[INFO] [stdout] 
[INFO] [stdout] 
[INFO] [stdout] warning: use of deprecated trait `embedded_hal::digital::StatefulOutputPin`: Deprecated because the methods cannot return errors. Users should use the traits in digital::v2.
[INFO] [stdout]   --> src/lcm.rs:51:10
[INFO] [stdout]    |
[INFO] [stdout] 51 |     RLY: digital::StatefulOutputPin + digital::OutputPin,
[INFO] [stdout]    |          ^^^^^^^^^^^^^^^^^^^^^^^^^^
[INFO] [stdout] 
[INFO] [stdout] 
[INFO] [stdout] warning: use of deprecated trait `hal::prelude::_embedded_hal_digital_OutputPin`: Deprecated because the methods cannot return errors. Users should use the traits in digital::v2.
[INFO] [stdout]   --> src/lcm.rs:51:39
[INFO] [stdout]    |
[INFO] [stdout] 51 |     RLY: digital::StatefulOutputPin + digital::OutputPin,
[INFO] [stdout]    |                                       ^^^^^^^^^^^^^^^^^^
[INFO] [stdout] 
[INFO] [stdout] 
[INFO] [stdout] error[E0392]: parameter `I2C` is never used
[INFO] [stdout]   --> src/display.rs:14:20
[INFO] [stdout]    |
[INFO] [stdout] 14 | pub struct Display<I2C>
[INFO] [stdout]    |                    ^^^ unused parameter
[INFO] [stdout]    |
[INFO] [stdout]    = help: consider removing `I2C`, referring to it in a field, or using a marker such as `PhantomData`
[INFO] [stdout] 
[INFO] [stdout] 
[INFO] [stdout] error: aborting due to 11 previous errors; 12 warnings emitted
[INFO] [stdout] 
[INFO] [stdout] 
[INFO] [stdout] Some errors have detailed explanations: E0392, E0412, E0432, E0433.
[INFO] [stdout] 
[INFO] [stdout] For more information about an error, try `rustc --explain E0392`.
[INFO] [stdout] 
[INFO] [stderr] error: could not compile `lmc`.
[INFO] [stderr] 
[INFO] [stderr] To learn more, run the command again with --verbose.
[INFO] [stderr] warning: build failed, waiting for other jobs to finish...
[INFO] [stdout] error[E0392]: parameter `I2C` is never used
[INFO] [stdout]   --> src/display.rs:14:20
[INFO] [stdout]    |
[INFO] [stdout] 14 | pub struct Display<I2C>
[INFO] [stdout]    |                    ^^^ unused parameter
[INFO] [stdout]    |
[INFO] [stdout]    = help: consider removing `I2C`, referring to it in a field, or using a marker such as `PhantomData`
[INFO] [stdout] 
[INFO] [stdout] 
[INFO] [stdout] error: aborting due to 11 previous errors; 12 warnings emitted
[INFO] [stdout] 
[INFO] [stdout] 
[INFO] [stdout] Some errors have detailed explanations: E0392, E0412, E0432, E0433.
[INFO] [stdout] 
[INFO] [stdout] For more information about an error, try `rustc --explain E0392`.
[INFO] [stdout] 
[INFO] [stderr] error: build failed
[INFO] running `Command { std: "docker" "inspect" "429ab863e4d8f49037fc44b6d6e0d25423976ae539365153e307e0f7d3020308", kill_on_drop: false }`
[INFO] running `Command { std: "docker" "rm" "-f" "429ab863e4d8f49037fc44b6d6e0d25423976ae539365153e307e0f7d3020308", kill_on_drop: false }`
[INFO] [stdout] 429ab863e4d8f49037fc44b6d6e0d25423976ae539365153e307e0f7d3020308
